011010100101
In base 6, what is -5 - -34243143?
34243134
In base 15, what is 9b44 + b9?
9c0d
In base 15, what is -17d - 36817d?
-36830b
In base 11, what is 1a32 - 2a580?
-28649
In base 16, what is -56 - -16f10?
16eba
In base 10, what is 103 + -310055?
-309952
In base 7, what is 33366 + 123631?
160330
In base 14, what is -2847 - -a550?
7b07
In base 16, what is 223e048 - b?
223e03d
In base 10, what is 462766 - -2494?
465260
In base 16, what is 3bc69 - -2b?
3bc94
In base 8, what is 5 - 2502634432?
-2502634425
In base 13, what is -7ba46cac - 0?
-7ba46cac
In base 16, what is -36 - c6a36?
-c6a6c
In base 3, what is 2001211022212010 + -10?
2001211022212000
In base 4, what is 3 - -231302033101?
231302033110
In base 4, what is 11 - -2333311130000?
2333311130011
In base 4, what is 300323133032010 + -3?
300323133032001
In base 14, what is -23 + 2c4b3d7?
2c4b3b4
In base 2, what is -1001000101100011110110011 + -101?
-1001000101100011110111000
In base 16, what is -116 + 1c536?
1c420
In base 2, what is 1 + 1110101101000110111?
1110101101000111000
In base 7, what is 62605 - -20252?
113160
In base 11, what is -12 - -17198262?
17198250
In base 9, what is -30 + -712547?
-712577
In base 5, what is 1210 + -4103021?
-4101311
In base 5, what is -141 - 4011411?
-4012102
In base 7, what is 253644 - 155?
253456
In base 16, what is -29c93 + -744?
-2a3d7
In base 11, what is 4 - -1226871?
1226875
In base 11, what is -23461 - -502?
-22a5a
In base 12, what is 0 + -1469734?
-1469734
In base 14, what is -1 - -9cb8?
9cb7
In base 3, what is -1020100 - 110002022?
-111022122
In base 15, what is -2378c51 - -5?
-2378c4b
In base 14, what is -12 - -23dc01?
23dbcd
In base 15, what is -17cb6 + cb1?
-17005
In base 6, what is -131415303 - 2?
-131415305
In base 11, what is -aa43 - -182?
-a871
In base 2, what is -1011110011110011 - 101101000?
-1011111001011011
In base 15, what is 63170 + -760?
62910
In base 13, what is -1b - 2c84c8?
-2c8516
In base 6, what is -510332 - -1513?
-504415
In base 15, what is d - -95323b?
953249
In base 4, what is 13 + -21202310331311?
-21202310331232
In base 13, what is 2593 + -2696?
-103
In base 2, what is 1001111110010111010 - -11110011?
1001111110110101101
In base 16, what is 5a3 + -84db?
-7f38
In base 3, what is 1 - 221102211021002?
-221102211021001
In base 6, what is -2554 - -30014255?
30011301
In base 16, what is -1 + fed676?
fed675
In base 16, what is -436 - 448a?
-48c0
In base 6, what is -52113233 - -5?
-52113224
In base 16, what is 29b8cd3 + -3?
29b8cd0
In base 2, what is -100 + -100010001010001111111?
-100010001010010000011
In base 4, what is -113321232003321 - -3?
-113321232003312
In base 6, what is -103111 + 3553?
-55114
In base 7, what is -140342341 + 1?
-140342340
In base 10, what is 205612 - 5209?
200403
In base 16, what is 396e7 - 100?
395e7
In base 16, what is -90f28 + 73?
-90eb5
In base 15, what is 556d + d42?
63b0
In base 13, what is 31c7b8 - 3?
31c7b5
In base 8, what is 2432 + 13772?
16424
In base 12, what is 4 + 8490b2?
8490b6
In base 15, what is -3b422 - 3020?
-3e442
In base 11, what is -8899011 - -19?
-8898aa3
In base 13, what is 34 - -1b7a80?
1b7ab4
In base 7, what is 2612012 - 121?
2611561
In base 5, what is -24012304 + 0?
-24012304
In base 8, what is 0 + -74556150?
-74556150
In base 15, what is 1 - b86a74?
-b86a73
In base 4, what is 30013213333 + -30?
30013213303
In base 16, what is -5 + -159f791?
-159f796
In base 7, what is 305422224 + 4?
305422231
In base 13, what is -85b470 + 0?
-85b470
In base 9, what is -5656 - -243?
-5413
In base 5, what is 20 + 4211420304?
4211420324
In base 16, what is -442c8554 - -2?
-442c8552
In base 6, what is -101355 + 23502?
-33453
In base 11, what is -13 + -aa905a?
-aa9072
In base 12, what is -27 - 227b2b1?
-227b318
In base 8, what is -643 - -51603?
50740
In base 3, what is -122021211 + 122121?
-121122020
In base 2, what is -100100011111110111000 - -1110?
-100100011111110101010
In base 12, what is 4a00 - 196b?
3051
In base 4, what is 1020203310 - 23202?
1020120102
In base 12, what is aa38a8 - -4?
aa38b0
In base 4, what is 21213323 - -1223?
21221212
In base 2, what is 1110000001111000110 - -10000?
1110000001111010110
In base 5, what is 0 + 310010443334?
310010443334
In base 7, what is -15043 - -10643?
-4100
In base 14, what is -b246 + 14d?
-b0d7
In base 3, what is -20020012110 + -12112202?
-20102202012
In base 10, what is 107 - -590892?
590999
In base 4, what is 20 + -33111231032?
-33111231012
In base 16, what is e478f7 - 5?
e478f2
In base 6, what is 205 - -3032312?
3032521
In base 8, what is -77031750 - 2?
-77031752
In base 3, what is 121000 + -112011101022?
-112010210022
In base 10, what is 1 + -11211995?
-11211994
In base 6, what is -244035 - -5530?
-234105
In base 12, what is 8077b00 - -2?
8077b02
In base 7, what is -101 - -442535353?
442535252
In base 16, what is 37ae + 21e?
39cc
In base 4, what is 102023200221 + 211?
102023201032
In base 15, what is 25b7c - 64?
25b18
In base 16, what is -31 + 897e3?
897b2
In base 7, what is -1151 - 142654?
-144135
In base 10, what is 3 - 118495528?
-118495525
In base 10, what is -2 - -74889035?
74889033
In base 11, what is 8a8430099 - -2?
8a84300a0
In base 11, what is -2727 - -249646?
246a1a
In base 10, what is -765531 + -4?
-765535
In base 9, what is -143 - 146500?
-146643
In base 14, what is 468a + 2012?
669c
In base 13, what is -31 + -a546b3?
-a54714
In base 6, what is 230 - -2450551?
2451221
In base 16, what is -163cf12 + 2?
-163cf10
In base 9, what is 157 + 46274?
46442
In base 11, what is 5491 - 3a699?
-35208
In base 8, what is -415 + 2573307?
2572672
In base 10, what is 343 + -36488?
-36145
In base 6, what is -42 - -400424?
400342
In base 6, what is -1143 - 342?
-1525
In base 14, what is -15 - -40bba1?
40bb8a
In base 8, what is 2 + -2165713?
-2165711
In base 12, what is 645a - -2368?
8806
In base 12, what is -25393 + 3159?
-22236
In base 3, what is 1001221 + 1111201011?
1112210002
In base 2, what is -100 - -1010011100011000000100?
1010011100011000000000
In base 2, what is 1010011100 + 11100101001010010?
11100110011101110
In base 3, what is -1000220000112212 + 1?
-1000220000112211
In base 8, what is -10 + 1707157?
1707147
In base 11, what is -3 + -75086?
-75089
In base 15, what is -4b7 - 22a42?
-23009
In base 16, what is -45 + -4aa7e?
-4aac3
In base 9, what is -54 + -7247262?
-7247326
In base 15, what is b - -5edc39?
5edc45
In base 10, what is 7697 + 1122?
8819
In base 3, what is 111112121100 + -202200?
111111211200
In base 9, what is -156303841 + -5?
-156303846
In base 11, what is 49 + 7610a?
76158
In base 11, what is -219093 - -6?
-219088
In base 3, what is 11111100012 - 10222220?
11100100022
In base 10, what is -3 + -154968865?
-154968868
In base 4, what is -1022231111301 + 1?
-1022231111300
In base 6, what is -11502114 + 4202?
-11453512
In base 8, what is 11076 - 21046?
-7750
In base 16, what is -1 + -fac46?
-fac47
In base 6, what is 31125 - 30104?
1021
In base 15, what is -6a905 - -c40?
-69bb5
In base 14, what is -37080 - -1b?
-37063
In base 3, what is 200011021120201 - 120?
200011021120011
In base 6, what is 2 - 50354254?
-50354252
In base 14, what is 803318a - 5?
8033185
In base 7, what is 6335625 + 1?
6335626
In base 6, what is 55422 - -100?
55522
In base 2, what is -111 - -1010010000010010110100010?
1010010000010010110011011
In base 10, what is -7577 + -6006?
-13583
In base 16, what is -86670 - 15?
-86685
In base 4, what is 11000 - -131121102?
131132102
In base 14, what is 29b - -6b82?
703d
In base 6, what is 1032413344 - -31?
1032413415
In base 12, what is 3 + 24a3538b?
24a35392
In base 15, what is -12 - 3d257da?
-3d257ec
In base 5, what is 21 + -23144410324?
-23144410303
In base 13, what is 2616 + -4cba?
-26a4
In base 12, what is 18092246 - -3?
18092249
In base 11, what is -497 - -883?
397
In base 10, what is 3388 - -889?
4277
In base 7, what is -12433551 - 1615?
-12435466
In base 15, what is 3 - 5b7cb5a?
-5b7cb57
In base 10, what is 1 + 194648558?
194648559
In base 2, what is 10011100010111011000100001 - 11?
10011100010111011000011110
In base 12, what is 7480a8 - -3?
7480ab
In base 10, what is 11 - 333069?
-333058
In base 4, what is 212220 + -212311?
-31
In base 15, what is 21 + 62d30?
62d51
In base 13, what is 56 + 3916c?
391c5
In base 10, what